62197 a multiple of 58?
False
Is 6387297 a multiple of 49?
True
Does 22 divide 2183324?
True
Is 307 a factor of 2311096?
True
Does 3 divide 3619826?
False
Does 76 divide 32280?
False
Is 11 a factor of 3710652?
True
Is 254440 a multiple of 52?
False
Is 2083073 a multiple of 58?
False
Is 52141 a multiple of 23?
True
Is 21 a factor of 300645?
False
Is 92 a factor of 1311388?
False
Is 1056 a factor of 8344789?
False
Is 6 a factor of 4118796?
True
Does 27 divide 21231679?
False
Is 344 a factor of 192640?
True
Is 16 a factor of 389718?
False
Does 242 divide 3096859?
False
Is 19 a factor of 13335?
False
Is 379 a factor of 228230?
False
Is 456 a factor of 150480?
True
Does 15 divide 118575?
True
Is 64258 a multiple of 3?
False
Is 250560 a multiple of 167?
False
Is 741283 a multiple of 158?
False
Does 108 divide 176320?
False
Is 5478847 a multiple of 789?
False
Is 1322445 a multiple of 131?
True
Does 25 divide 11998?
False
Is 212895 a multiple of 3?
True
Is 9390638 a multiple of 344?
False
Does 3 divide 192815?
False
Is 2 a factor of 9128?
True
Does 293 divide 1268104?
True
Is 1289405 a multiple of 14?
False
Does 22 divide 1164431?
False
Does 22 divide 599434?
True
Is 6 a factor of 34990?
False
Does 831 divide 2847006?
True
Is 2117274 a multiple of 161?
False
Is 744720 a multiple of 240?
True
Is 7 a factor of 360077?
False
Is 48716 a multiple of 10?
False
Is 1492 a multiple of 2?
True
Is 69 a factor of 12596772?
False
Is 3 a factor of 37386?
True
Does 12 divide 72?
True
Is 291865 a multiple of 19?
False
Does 30 divide 252462?
False
Is 112 a factor of 2071774?
False
Is 108144 a multiple of 18?
True
Is 1173547 a multiple of 14?
False
Is 10620 a multiple of 18?
True
Is 11025393 a multiple of 192?
False
Does 87 divide 22586?
False
Is 5479780 a multiple of 23?
False
Does 67 divide 707922?
True
Is 18 a factor of 748727?
False
Is 336809 a multiple of 137?
False
Is 453960 a multiple of 13?
True
Is 29 a factor of 8671?
True
Does 8 divide 17312?
True
Does 17 divide 744600?
True
Is 13 a factor of 289745?
False
Does 108 divide 244728?
True
Is 69 a factor of 8081970?
True
Is 3993379 a multiple of 60?
False
Is 94840 a multiple of 20?
True
Does 9 divide 59261?
False
Is 233920 a multiple of 320?
True
Is 92 a factor of 486275?
False
Is 4871046 a multiple of 37?
False
Does 357 divide 127806?
True
Is 556695 a multiple of 139?
True
Does 61 divide 61930?
False
Is 948108 a multiple of 12?
True
Is 5 a factor of 212280?
True
Is 222 a factor of 1158396?
True
Is 298033 a multiple of 393?
False
Does 44 divide 230516?
True
Is 381666 a multiple of 8?
False
Is 29220586 a multiple of 34?
True
Is 180201 a multiple of 7?
True
Does 311 divide 38379?
False
Does 77 divide 57434?
False
Is 123 a factor of 1564633?
False
Does 4 divide 71555?
False
Is 8 a factor of 4375?
False
Is 11 a factor of 94259?
True
Does 64 divide 144896?
True
Is 43598 a multiple of 27?
False
Does 480 divide 2808000?
True
Is 166210 a multiple of 22?
True
Is 10619700 a multiple of 364?
True
Is 457771 a multiple of 229?
True
Does 57 divide 1242288?
False
Does 24 divide 860280?
True
Is 125570 a multiple of 145?
True
Is 9948246 a multiple of 1383?
False
Is 58 a factor of 1414272?
True
Does 184 divide 2185452?
False
Is 203 a factor of 228781?
True
Is 11 a factor of 56793?
True
Is 4 a factor of 235100?
True
Is 6284282 a multiple of 172?
False
Does 6 divide 166302?
True
Is 11 a factor of 287333?
False
Does 65 divide 2302755?
True
Is 1281096 a multiple of 27?
True
Does 12 divide 2567964?
True
Is 963 a factor of 5649921?
True
Does 56 divide 1376573?
False
Is 64 a factor of 864000?
True
Is 12 a factor of 281075?
False
Does 248 divide 4391310?
False
Is 34 a factor of 8022592?
False
Does 24 divide 324672?
True
Is 1510 a factor of 2575220?
False
Is 1251 a multiple of 3?
True
Is 111 a factor of 9497826?
True
Is 39 a factor of 24531?
True
Does 30 divide 1546543?
False
Does 23 divide 361537?
True
Is 474 a factor of 5767158?
True
Is 836 a factor of 496190?
False
Does 39 divide 676923?
True
Is 427593 a multiple of 30?
False
Does 109 divide 83717?
False
Is 283 a factor of 38488?
True
Is 705862 a multiple of 152?
False
Does 4 divide 28693?
False
Is 4787 a multiple of 54?
False
Is 179 a factor of 7994856?
True
Is 38 a factor of 33196?
False
Does 197 divide 20584449?
False
Is 422960 a multiple of 16?
True
Is 440 a factor of 13252360?
True
Is 5874677 a multiple of 14?
False
Is 57 a factor of 126382?
False
Does 199 divide 109152?
False
Is 9061605 a multiple of 189?
True
Does 109 divide 165789?
True
Is 218984 a multiple of 4?
True
Is 19 a factor of 4276992?
False
Is 68 a factor of 345575?
False
Is 7213747 a multiple of 49?
False
Is 2043212 a multiple of 663?
False
Is 278882 a multiple of 19?
True
Is 6 a factor of 199072?
False
Does 46 divide 606280?
True
Is 57 a factor of 2378965?
False
Is 218342 a multiple of 628?
False
Is 141 a factor of 789406?
False
Does 10 divide 934434?
False
Is 38745 a multiple of 202?
False
Does 15 divide 516915?
True
Is 48482 a multiple of 275?
False
Does 23 divide 544648?
False
Is 337203 a multiple of 654?
False
Is 57205 a multiple of 4?
False
Is 48178 a multiple of 13?
True
Is 65880 a multiple of 305?
True
Does 4 divide 169528?
True
Is 16 a factor of 118832?
True
Is 768638 a multiple of 10?
False
Is 6 a factor of 99312?
True
Is 17 a factor of 1045636?
True
Does 4 divide 55784?
True
Is 545706 a multiple of 497?
True
Is 547988 a multiple of 29?
False
Does 106 divide 1102612?
True
Is 17397580 a multiple of 20?
True
Does 549 divide 1030473?
True
Is 15666 a multiple of 55?
False
Is 221 a factor of 359280?
False
Is 28662 a multiple of 17?
True
Is 28 a factor of 627846?
False
Is 25 a factor of 75525?
True
Does 226 divide 204530?
True
Does 1326 divide 19522762?
False
Is 76 a factor of 191824?
True
Is 139713 a multiple of 21?
True
Is 7246147 a multiple of 11?
False
Is 6 a factor of 284077?
False
Is 254859 a multiple of 33?
True
Does 19 divide 2242798?
True
Does 5 divide 52830?
True
Does 724 divide 6756851?
False
Does 289 divide 27166?
True
Does 42 divide 8694?
True
Is 4759331 a multiple of 75?
False
Does 3 divide 14124?
True
Does 76 divide 489060?
True
Is 67 a factor of 800650?
True
Is 348 a factor of 1618200?
True
Is 8881266 a multiple of 463?
True
Does 69 divide 196443?
True
Is 3 a factor of 3010737?
True
Is 773121 a multiple of 22?
False
Is 6564257 a multiple of 454?
False
Does 32 divide 491840?
True
Is 3480289 a multiple of 41?
False
Is 213996 a multiple of 204?
True
Is 22 a factor of 59928?
True
Is 29 a factor of 4054171?
True
Does 23 divide 129766?
True
Does 24 divide 131952?
True
Does 149 divide 177810?
False
Does 43 divide 90966?
False
Is 134 a factor of 33768?
True
Is 2279514 a multiple of 4?
False
Does 17 divide 461244?
True
Does 134 divide 1156077?
False
Is 18 a factor of 794169?
False
Is 4 a factor of 10812?
True
Is 1375456 a multiple of 424?
True
Is 352800 a multiple of 600?
True
Is 92 a factor of 10531148?
True
Does 2 divide 195603?
False
Is 880308 a multiple of 250?
False
Does 63 divide 299376?
True
Is 41 a factor of 124151?
False
Is 1171623 a multiple of 71?
False
Is 35 a factor of 167230?
True
Does 26 divide 776776?
True
Is 246 a factor of 179580?
True
Does 327 divide 1112127?
True
Is 4131 a multiple of 27?
True
Does 243 divide 289899?
True
Does 6 divide 105672?
True
Does 237 divide 60198?
True
Does 39 divide 92897?
False
Does 10 divide 1553470?
True
Is 1885726 a multiple of 15?
False
Is 6440703 a multiple of 329?
False
Is 859 a factor of 7390836?
True
Is 357561 a multiple of 51?
True
Does 83 divide 986870?
True
Does 859 divide 7518722?
False
Is 464258 a multiple of 132?
False
Is 1390 a factor of 8111212?
False
Is 68 a factor of 415548?
True
Is 13 a factor of 5814900?
True
Does 47 divide 2145733?
False
Does 53 divide 187037?
True
Is 87 a factor of 50199?
True
Does 16 divide 140880?
True
Is 5733801 a multiple of 513?
True
Does 4 divide 22734?
False
Is 969 a factor of 1523438?
False
Is 54 a factor of 605867?
False
Is 26664 a multiple of 49?
False
Does 50 divide 1317100?
True
Is 991276 a multiple of 49?
False
Is 5836499 a multiple of 68?
False
Is 1449540 a multiple of 18?
True
Is 16 a factor of 1563104?
True
Is 93 a factor of 2155833?
True
Is 12 a factor of 527242?
False
Is 839 a factor of 3330109?
False
